ve t(11).
175
Let d(i) = -4*i**2 - 760*i + 3054. What is d(4)?
-50
Let u(l) = -l**2 + 18*l + 636. What is u(33)?
141
Let g(c) = -c**2 - 51*c + 111. What is g(2)?
5
Let a(t) = 280*t + 7344. Give a(-27).
-216
Let t(q) = 51*q**2 - 298*q - 40. Give t(6).
8
Let h(u) = -1207*u - 222083. What is h(-184)?
5
Let z(l) = -4*l**2 + 7*l + 27. What is z(-3)?
-30
Let h(i) = 4*i**3 + i**2 + 6*i + 8. What is h(-2)?
-32
Let y(v) = 437*v + 846. Determine y(-2).
-28
Let t(f) = -f**3 + 17*f**2 + 86*f - 36. Calculate t(21).
6
Let k(v) = 22*v - 542. What is k(25)?
8
Let i(y) = -2*y**3 - 6*y**2 + 6*y - 2. What is i(3)?
-92
Let n(r) = 3448*r - 24151. What is n(7)?
-15
Let q(h) = -h**3 + 5*h**2 + 122*h - 22. What is q(13)?
212
Let f(l) = -51*l - 326. What is f(-6)?
-20
Let k(h) = -20*h + 161. What is k(10)?
-39
Let c(t) = -51*t**2 + 472*t - 109. Determine c(9).
8
Let z(l) = -87*l + 1742. Give z(20).
2
Let g(v) = -11*v**3 - 2*v**2 + 4*v + 3. Calculate g(2).
-85
Let a(t) = 138*t + 553. Determine a(-8).
-551
Let s(n) = -7*n**2 - 9*n - 24. Determine s(-4).
-100
Let o(s) = 3*s**3 - 41*s**2 - 20*s + 76. What is o(14)?
-8
Let i(p) = -p**2 - 44*p - 502. Calculate i(-27).
-43
Let m(d) = -d**3 + 5*d**2 - 14*d + 31. Calculate m(7).
-165
Let x(m) = -m**2 + 10*m - 9. Calculate x(5).
16
Let t(o) = 165*o**2 - 3*o - 1. Give t(-1).
167
Let z(a) = 3*a**2 + 474*a - 946. Determine z(2).
14
Let s(z) = 29*z**2 + 695*z - 2. What is s(-24)?
22
Let t(f) = f**3 + 12*f**2 - 7*f - 279. Calculate t(-10).
-9
Let j(s) = -224*s**2 - 3*s + 2. Determine j(1).
-225
Let q(v) = -5*v**3 + 46*v**2 - 7*v + 5. Give q(9).
23
Let v(y) = -16*y - 130. Determine v(14).
-354
Let v(r) = 2*r**2 - 395*r + 9256. Determine v(27).
49
Let f(m) = 272*m - 2763. Determine f(10).
-43
Let j(t) = -t**3 + 25*t**2 + 61*t - 392. Calculate j(27).
-203
Let o(z) = -9625*z - 115492. What is o(-12)?
8
Let b(c) = -c**3 - 5*c**2 - 11*c - 49. Give b(-7).
126
Let v(t) = 211*t - 619. Calculate v(3).
14
Let v(i) = 16*i - 419. What is v(18)?
-131
Let m(z) = z**3 + 16*z**2 + 83*z + 24. Calculate m(-9).
-156
Let i(n) = -n**2 + 200*n - 2206. Give i(12).
50
Let l(r) = 3*r**2 - 21*r - 309. Give l(-7).
-15
Let i(o) = 65*o - 2758. Calculate i(43).
37
Let s(i) = i**2 - 318*i + 1583. What is s(5)?
18
Let i(c) = 3*c**2 - 4*c - 323. Give i(-9).
-44
Let v(z) = -z**3 + 7*z**2 - 12*z - 9. Calculate v(5).
-19
Let w(b) = 671*b - 2032. What is w(3)?
-19
Let q(d) = -361*d + 916. Give q(5).
-889
Let n(x) = -x**3 - 4*x**2 + 103*x + 539. Calculate n(-6).
-7
Let q(o) = 397*o + 2771. Give q(-7).
-8
Let r(m) = 250*m - 753. Give r(3).
-3
Let n(d) = -8*d**2 - 272*d + 34. What is n(-34)?
34
Let y(t) = 158*t**2 + 1134*t - 17. Determine y(-7).
-213
Let i(u) = -u**2 + 226*u - 1321. Determine i(6).
-1
Let o(y) = 50*y + 2604. What is o(-52)?
4
Let r(f) = f**3 - 15*f**2 + 24*f + 28. What is r(-6)?
-872
Let q(x) = x**3 - 7*x**2 - 72*x - 42. What is q(13)?
36
Let a(d) = -d**3 + 8*d**2 + 10*d - 80. Calculate a(8).
0
Let d(v) = 3*v**3 + 5*v**2 - 20*v - 32. Give d(-2).
4
Let p(f) = -42*f - 91. Calculate p(-2).
-7
Let n(z) = -z**3 + 10*z**2 - 5*z - 10. Give n(5).
90
Let r(p) = -p**3 + 23*p**2 - 117*p - 4. Determine r(10).
126
Let r(v) = v**3 + 20*v**2 - 44*v + 18. Calculate r(-22).
18
Let r(u) = -524*u**2 - 23579*u + 44. What is r(-45)?
-1
Let c(w) = w**3 + 2*w**2 + 4*w + 47. Give c(-4).
-1
Let z(i) = -297*i - 2081. Calculate z(-7).
-2
Let v(c) = c**3 - 24*c**2 - 293*c + 21. Calculate v(-9).
-15
Let i(g) = 3*g**3 + 19*g**2 + 11*g + 2. Calculate i(-6).
-28
Let b(u) = 3*u**3 - 127*u**2 - 87*u + 102. Determine b(43).
59
Let z(i) = -i**3 - 33*i**2 - 90*i - 17. Calculate z(-30).
-17
Let d(w) = 6*w - 67. What is d(4)?
-43
Let o(y) = 68*y**2 + 1285*y + 41. Give o(-19).
174
Let b(g) = 35*g - 7. Determine b(1).
28
Let i(q) = -86*q - 2318. Determine i(-27).
4
Let s(n) = -n**3 - n**2 - 16*n + 410. Calculate s(0).
410
Let u(t) = -184*t - 386. What is u(-2)?
-18
Let i(g) = -g**3 - 108*g**2 + 462*g + 1583. Give i(-112).
15
Let f(b) = -12*b**3 + 20*b**2 + 20*b - 1. Give f(-1).
11
Let h(y) = -168*y + 6871. Determine h(42).
-185
Let c(f) = -7*f**3 + 2*f**2 + 48*f + 20. Determine c(6).
-1132
Let o(p) = -45*p - 316. Give o(-8).
44
Let i(x) = 56*x**2 + 61*x + 1. What is i(-1)?
-4
Let k(i) = -12*i**2 - 48*i - 49. Calculate k(-1).
-13
Let h(b) = b**3 + 10*b**2 + 3*b + 9. Calculate h(-10).
-21
Let m(p) = 8*p + 517. Determine m(-65).
-3
Let g(i) = -1649*i + 3228. Determine g(2).
-70
Let k(b) = -3*b**2 - b + 134. Determine k(-7).
-6
Let u(b) = 11*b**2 + 95*b + 11. Calculate u(-8).
-45
Let m(q) = -q**3 + 2*q**2 + 24*q - 8. Determine m(6).
-8
Let a(r) = -r**2 - 33*r + 994. Calculate a(-51).
76
Let f(d) = -68*d**2 + 3810*d + 40. Calculate f(56).
152
Let o(j) = -j**2 - 203*j + 614. Give o(-206).
-4
Let n(d) = -10*d**2 - 105*d + 113. Calculate n(-11).
58
Let x(f) = -35*f**3 + 3*f**2 + 3*f - 5. Give x(1).
-34
Let x(p) = 19*p**2 - 241*p - 74. Give x(13).
4
Let l(z) = -40*z - 89. What is l(-5)?
111
Let u(o) = 44*o - 10. What is u(2)?
78
Let g(h) = -20*h - 182. What is g(-18)?
178
Let k(c) = 10*c - 81. What is k(7)?
-11
Let k(c) = -c**2 - 2736*c + 27457. Give k(10).
-3
Let z(q) = q**3 - 2*q**2 - 78*q + 332. Give z(6).
8
Let v(h) = -h**3 - 19*h**2 + 44*h + 486. Determine v(-20).
6
Let x(w) = -w**2 - 119*w - 957. What is x(-111)?
-69
Let y(w) = 74*w - 1458. Determine y(21).
96
Let k(z) = 5*z**3 - 53*z**2 + 130*z - 55. Give k(3).
-7
Let r(c) = -7*c**2 - 22*c - 26. What is r(-3)?
-23
Let r(h) = -21*h + 144. What is r(12)?
-108
Let p(x) = -x**2 + 83*x + 91. What is p(84)?
7
Let f(g) = -16*g + 1574. What is f(98)?
6
Let i(d) = -d**2 - 42*d + 156. What is i(-46)?
-28
Let f(z) = -13*z**2 + 6*z + 24. Give f(-4).
-208
Let p(u) = -5*u**2 + 3*u + 17. What is p(3)?
-19
Let d(o) = 77*o - 2727. Calculate d(35).
-32
Let y(n) = 6*n - 172. Determine y(19).
-58
Let y(a) = 320*a + 25924. Determine y(-81).
4
Let v(z) = -2*z**2 + 2*z + 348. Give v(15).
-72
Let g(l) = -1524*l + 4481. Determine g(3).
-91
Let o(t) = -t**3 - 10*t**2 + 27*t - 25. What is o(6)?
-439
Let l(j) = 48*j - 172. Calculate l(4).
20
Let r(a) = -a**2 - 73*a - 828. Calculate r(-54).
198
Let g(m) = -9*m**2 - 15*m + 100. What is g(-10)?
-650
Let q(u) = -3*u**2 + 236*u + 2082. Give q(-8).
2
Let y(g) = g - 168. Calculate y(31).
-137
Let z(v) = -397*v + 805. Give z(2).
11
Let a(k) = 2*k**3 + 7*k**2 - 16*k - 51. Calculate a(3).
18
Let q(n) = -40*n - 1498. Give q(-39).
62
Let l(w) = -44*w - 41. Give l(-1).
3
Let k(f) = f**3 - 18*f**2 + 9*f - 57. Determine k(18).
105
Let u(d) = -5*d**2 - 31*d + 37. Give u(1).
1
Let n(h) = 27*h**2 + 184*h + 7. Calculate n(-7).
42
Let v(r) = 3923*r + 35335. What is v(-9)?
28
Let z(w) = 52*w - 1287. What is z(24)?
-39
Let a(i) = -i**3 + 39*i**2 - 226*i + 71. Give a(32).
7
Let s(a) = -116*a + 461. Calculate s(5).
-119
Let x(k) = 6*k**2 + 129*k + 32. Determine x(-22).
98
Let b(k) = -k**2 - 39*k + 106. Give b(-23).
474
Let u(k) = -60*k + 254. Calculate u(4).
14
Let b(a) = a**3 + 35*a**2 - 72*a + 64. Calculate b(-37).
-10
Let h(i) = i**2 + 18*i - 151. Give h(-24).
-7
Let l(f) = -f**2 + 15*f - 24. Give l(21).
-150
Let y(m) = 57*m + 131. Determine y(-4).
-97
Let p(i) = 5*i**2 + 110*i + 184. Calculate p(-24).
424
Let j(m) = 73*m**2 - 278*m - 44. What is j(4)?
12
Let t(d) = -14*d**3 + 629*d**2 + 43*d + 81. Give t(45).
-9
Let h(v) = v**3 + 25*v**2 + 45*v + 60. Give h(-23).
83
Let l(j) = j**3 - 6*j**2 - 59*j + 358. Calculate l(8).
14
Let a(w) = 3*w**3 + 25*w**2 - 4*w - 239. What is a(-7)?
-15
Let c(h) = 2*h**3 - 3*h**2 - 5*h - 10. Give c(4).
50
Let s(l) = 823*l + 23045. Give s(-28).
1
Let h(l) = -l**3 - l**2 + 79*l - 257. What is h(5)?
-12
Let k(j) = -j**3 - 24*j**2 + 50*j - 25. What is k(-26)?
27
Let p(b) = -b**3 - 6*b**2 - 62*b - 341. Give p(-6).
31
Let p(m) = -225*m - 1415. Give p(-5).
-290
Let d(f) = -f**2 - f + 4. Give d(3).
-8
Let p(j) = 14*j**2 - 5*j + 37. Give p(3).
148
Let v(o) = 273*o + 1393. Calculate v(-5).
28
Let r(k) = k**3 + 271*k**2 + 4315*k - 27. What is r(-17)?
24
Let u(l) = l**2 - 70*l - 5332. Calculate u(116).
4
Let z(s) = s**2 - 62*s + 176. What is z(3)?
-1
Let v(x) = x**3 + 15*x**2 - 91*x + 176. Calculate v(-20).
-4
Let b(x) = x**3 + 5*x**2 - 5*x + 5. What is b(2)?
23
Let g(x) = 26*x - 296. Determine g(11).
-10
Let n(y) = -2*y**3